 z(g).
-11
Let c(z) = -z**3 + 4*z**2 + 7*z - 7. Suppose 5*t - 5 = -0*t, 3*w + 23 = 2*t. Let m = w + 11. Let k = m - -1. What is c(k)?
3
Let r = -304 - -297. Let g(m) = m - 4*m - 4 + 3 + 2*m. Give g(r).
6
Let x(y) = 3*y**2 - 2*y**3 - 2 + 14450*y - 14450*y. What is x(3)?
-29
Let q = -5 - 15. Let h be (-4)/q + (-48)/15. Let b = -2 - h. Let z(k) = 2*k + 1. Determine z(b).
3
Let a(x) be the second derivative of 0 + x**5 - 32*x + 1/2*x**2 - 1/6*x**3 + 1/12*x**4. Give a(1).
21
Let g(t) = -t**3 + 5*t**2 - 2*t - 10. Let a = 2397 - 2392. Determine g(a).
-20
Let g(q) = -3*q + 2 - 4*q + 3*q + q**2. Suppose 0 = -3*p + 5*m - 10, m = -p + 6*p - 20. Determine g(p).
7
Let y(f) = f + 4. Let p be y(0). Let m(x) = -5*x**2 - 3 + p + 4*x**2 - 5*x. Let w(d) = -5*d**3 - 2*d**2 + d. Let s be w(1). Calculate m(s).
-5
Let s = -11 + 16. Let q = 7 - s. Let x(o) = 2*o**2 - 14 - 6*o**q + o**3 + 11 - 4*o. Give x(5).
2
Let x be (-4)/(-10) - 64/(-40). Let p(w) = -w - 3 + 5 + 0 - 9*w**3 + w**x - 3. Determine p(-1).
10
Let s(b) = -b - 4. Let p(v) = -6*v + 27. Suppose 0 = -4*m + 3*m + 5. Let d be p(m). Determine s(d).
-1
Let w be (-2)/(-8) - (-5)/60*-15. Let u(x) = -15*x**2 + 0 + 3 - 4 + 6*x**2. Give u(w).
-10
Let w = 396 - 393. Let u(q) = 10*q - 4. What is u(w)?
26
Let h = 59/98 + -5/49. Let r(d) be the second derivative of 5*d - 1/6*d**3 + h*d**2 + 0. What is r(1)?
0
Let h(n) = 11*n + 20. Let m(k) = -31*k - 61. Let i(a) = -17*h(a) - 6*m(a). What is i(22)?
4
Let j(p) = 1688*p**2 - 3 - 1 - 2*p - 1684*p**2. Calculate j(3).
26
Let n be 1/(-5)*(5 + -15). Let b be ((-2)/(-4))/(2/16). Suppose 2*w - 12 = 3*s, -b*s - 10 - 6 = n*w. Let g(a) = a + 5. What is g(w)?
5
Suppose 2*b = -3*b. Let m(c) = -2*c + c**3 - 2*c**2 + 9 + b*c**3 - 4*c**2. Let r be (9/(-12))/(3/(-24)). Determine m(r).
-3
Let r(b) = -b**3 + 5*b**2 + 2*b - 6. Let o be r(5). Let h be (-190)/(-45) + o/(-18). Let t(a) = -a**3 + 3*a**2 + 4*a + 2. Give t(h).
2
Let k be (-4)/5 - (-11)/(220/2536). Let p = 127 - k. Let n(m) = 2*m - 1. Calculate n(p).
1
Let c be -10*(-1)/(5 - 3). Let b(j) = -j**2. Let l(f) = -6*f - 4. Suppose -2*s = -3*s + 1. Let q(w) = s*l(w) - b(w). Give q(c).
-9
Let k(n) = n**2 - 12*n + 2. Let o = -21 - -35. Let b be k(o). Suppose l = 6*l + b. Let j(i) = -2*i. What is j(l)?
12
Suppose -2*v - 5*r - 18 = -0*v, 3*v + 4*r = -13. Let g(i) be the first derivative of 0*i + 2 + 3/2*i**2. What is g(v)?
3
Let h(m) be the third derivative of -m**5/120 - m**4/6 + 17*m**3/6 - 10*m**2. Let r(n) be the first derivative of h(n). What is r(-7)?
3
Let i(k) = -7*k**2 + k - 21 + k**3 + 4 + 13. Let o be i(7). Suppose -2*t + o*t = 4. Let a(z) = z + 4. What is a(t)?
8
Let h(t) = t**3 + 5*t**2 + 2*t. Suppose -26 - 13 = -3*u. Suppose -3*o + 4*b + u = -6*o, o - 5*b = 2. Calculate h(o).
12
Suppose 6 = -3*n + 5*p - 2*p, 2*n - p = -2. Suppose 5*g = -3*y + 21, 3*y + 4*g = -0*g + 18. Suppose -12 = y*r - n*r. Let c(h) = -h**2 - 4*h + 3. Determine c(r).
-9
Let v(k) = k**2 - 5*k - 1. Let w be v(6). Let j(s) = s**2 + s + 1. Determine j(w).
31
Let k = -27 - -31. Let v be (k - (2 + -1))*1. Let g(m) = m**3 - 2*m**2 - 3*m - 3. Determine g(v).
-3
Let c(m) = 37 - 13 - 10 - 15. Let q(h) = 4*h - 8. Let f(g) = -3*c(g) + q(g). What is f(6)?
19
Let p(o) = -2*o**2 - 32*o + 4. Let c be p(-16). Let n(f) = 3*f. Let h(b) be the second derivative of -b**3/6 + b. Let x(w) = c*h(w) + n(w). Determine x(-3).
3
Let w(o) = o. Let b be w(3). Let v(a) = -a**2 - 9*a + 54. Let l be v(-13). Let m(y) = 6*y**b + 0*y + y**l + y - 2*y. Determine m(1).
6
Let q(s) = -s + 13. Let h = -545 + 534. Give q(h).
24
Let n(d) = -3*d - 2. Let f(o) = -2*o + 0*o + 2 - 1 + 3*o. Let j(z) = 5*f(z) + 3*n(z). Determine j(-2).
7
Let q(n) be the second derivative of 5/6*n**3 + 6*n + 0 - 1/12*n**4 + 3*n**2. Calculate q(6).
0
Suppose -223*f - 6 = -v - 222*f, -3*v - 2*f + 18 = 0. Let t(z) = -z**3 + 7*z**2 - 9*z + 18. Determine t(v).
0
Suppose 2*m - 1 = 3*m, -2 = -4*i - 2*m. Let o(x) = -45*x + 18*x + 11*x. Calculate o(i).
-16
Let v(l) be the third derivative of l**6/120 - l**5/20 - l**4/6 + l**3/2 - 82*l**2. Suppose 0 = -0*y + y - 4. Determine v(y).
3
Let j(m) = 2*m + 2. Let i be 8 - 5 - (-1 + 3). Let q(y) = 11*y - 1. Let s be q(i). Suppose -8 = -5*u + 4*x, -u - 2*x + s = -0*u. Determine j(u).
10
Let c(s) = -s + 6. Let f(n) = -4*n - 5*n + n**3 + 3*n + 5*n. Let p be f(2). Determine c(p).
0
Suppose 0 = 5*n - 13 - 2. Let c(z) = 3*z + 6*z**3 - z**3 - 1 - 3*z**3 + n*z**2 - 3*z**3. What is c(3)?
8
Let g(a) = -5*a - 4. Let o be ((-4)/9)/(8*(-3)/(-108)). Determine g(o).
6
Let p(o) = -17*o**3 - o**2 - o - 1. Let w = -4 - -10. Let i = -331 + 333. Suppose -w = i*z + 4*z. Give p(z).
16
Let n be -2 - (-2)/(-3)*-6. Let y(h) = 3*h**2 - 4*h**3 + 3 - 2*h + 2*h**2 + 2*h**3 - 2*h**2. What is y(n)?
-5
Let b(h) = -2*h - 2. Let j(v) = -v - 1. Let q(p) = 4*b(p) - 9*j(p). Let m(u) = u**3 - u**2 + u + 1. Let a be m(2). Suppose a*o = 2*o. Determine q(o).
1
Let m(j) = -j**3 + 4*j**2 + 2*j - 10. Let a = 1138 - 1133. Give m(a).
-25
Let v(n) = -n**2 - 23*n + 10. Let d be v(-23). Let r = -4 + d. Let u(q) be the second derivative of -q**4/12 + q**3 - q**2 + q. What is u(r)?
-2
Suppose f = -0*f - a + 1, 4*f + 3*a = 3. Suppose -7*g - 12 - 2 = f. Let n(y) be the first derivative of 2*y**3/3 + y**2/2 - y + 1. Calculate n(g).
5
Let d(f) = -f**3 + 3*f**2 + 2*f - 1. Let g = -102 + 105. Give d(g).
5
Let x(u) = 2*u - 1. Let f = 3 - -2. Suppose -56 = -f*g - 2*s, 2*g - 10 = g - s. Suppose -a - 3*a = -g. Give x(a).
5
Let s(a) = -a**2 + 12*a - 6. Let c = -549 + 561. Determine s(c).
-6
Let a(p) = 4*p**2 - 990*p + 2 - 7*p**2 + 1016*p. What is a(9)?
-7
Let d(x) be the second derivative of x**4/12 + x**3 - 11*x**2/2 + 59*x. Suppose -4*k = 4, -5*m - 6*k = -k + 45. Give d(m).
5
Let x = 65 - 61. Let h(y) = 7*y**2 - 3*y + 1. Let o(l) = 3*l**2 - l. Let k(d) = x*h(d) - 10*o(d). Determine k(-3).
-8
Suppose 153 = 2*v + 151. Let s(q) = -q**2 - 4*q - 1. Let b(l) = l**2 + 5*l + 2. Let g(r) = 2*b(r) + 3*s(r). Give g(v).
-2
Let b(v) = 64*v - 7 + 74*v - 137*v. Suppose -15 = -5*h + 20. Determine b(h).
0
Let g(y) = -3*y**3 + y**2 + y - 1. Let s(u) = u**3 + 12*u**2 + 10*u - 9. Let f be 2/(-8) - 129/12. Let q be s(f). Let v = 3 - q. What is g(v)?
-2
Let c(d) be the second derivative of d**5/60 + d**4/6 - d**3/2 + 11*d**2 - 36*d. Let x(m) be the first derivative of c(m). What is x(-4)?
-3
Let c = -3 - -13. Let u(v) = 0 + 2 + c*v**3 - 11*v**3 + 5*v + v**2 - 2*v. Calculate u(-2).
8
Let c(y) = -y**3 - 6*y**2 + 3. Let x be c(-6). Let o be 84/35 + (-6)/(-10). Suppose -9 = o*f + x. Let w(p) = -p**3 - 4*p**2 + 2*p + 6. Give w(f).
-2
Suppose 5*t - i = 60, 2*t - 4*t + 2*i = -16. Let b(o) = o - 8. Let c be b(t). Let x(a) = -a**2 + a - 1. Calculate x(c).
-21
Let h be (-2 - -10)*(-9)/(-6). Let i = 6 - h. Let b(p) = 19*p**2 - 6*p - 6*p**2 - 7*p**2 - 7*p**2 - 6. Give b(i).
-6
Let m(y) be the first derivative of 0*y**2 + 7/3*y**3 + 1/120*y**5 + 0*y - 6 - 7/24*y**4. Let o(q) be the third derivative of m(q). What is o(4)?
-3
Let y(x) = -x**3 - 3*x**2 + x - 4. Let u(h) = -h**3 + 19*h**2 - 19*h + 13. Let l be u(18). Let g(d) = d**2 + 6*d + 2. Let r be g(l). Determine y(r).
-7
Let k(j) = -j**2 - 2*j - 4. Let g(t) = -8 + 14*t**2 + 1 + t**3 + 3 - t - 14. Let n be g(-14). Determine k(n).
-12
Let i(z) = 2*z. Let d(r) = -r**2 - 4*r - 2. Let t be d(-1). Determine i(t).
2
Let w(v) = v**3 - 6*v**2 - 6*v + 3. Suppose 1 = -4*h - 2*k + 97, 3*h - 72 = 3*k. Let j = -17 + h. Calculate w(j).
10
Let p(j) = -23552 + j - j**2 + j + 2*j - 5*j + 23572. Determine p(-5).
0
Let x(v) be the third derivative of 5/6*v**3 + 6*v**2 + 0*v + 1/60*v**5 + 1/4*v**4 + 0. What is x(-4)?
-3
Let n(s) = s**3 + 15*s**2 + 13*s + 1. Let m be n(-14). Suppose -w - m = 2*w. Let g(o) = o**3 + 4*o**2 - 3*o - 6. Give g(w).
-16
Let f = 3 + 17. Let u be 4/(24/(-57))*2. Let w = u + f. Let g(i) = -11*i + 1. What is g(w)?
-10
Let w(k) = -4*k - 3 + 2 + 2. Suppose -p = 5*c - 18, -p = -0*p - 3*c + 14. Let o be (p/(-8))/(16/(-64)). Give w(o).
5
Let j = 24 + -110. Let k = j + 90. Let n(m) = -m**3 + 3*m**2 + 4*m. What is n(k)?
0
Let j(p) be the third derivative of -1/6*p**4 + 0*p + 1/6*p**3 + 0 + p**2 - 1/60*p**5. Suppose -2*f - 6 = -f. Give j(f).
-11
Let f = 50 - 30. Let t(a) = -7*a - 7*a + f*a - 3*a - 4. Calculate t(6).
14
Let r(v) be the 